{"id":1633,"date":"2023-09-20T16:20:53","date_gmt":"2023-09-20T14:20:53","guid":{"rendered":"https:\/\/pvcoss.ch\/?page_id=1633"},"modified":"2025-10-03T06:51:00","modified_gmt":"2025-10-03T04:51:00","slug":"infos-participation","status":"publish","type":"page","link":"https:\/\/pvcoss.ch\/index.php\/infos-participation\/","title":{"rendered":"Infos participation"},"content":{"rendered":"\n<p><strong>Comment faire pour participer au Passeport Vacances de Cossonay?<\/strong><\/p>\n\n\n<ol>\n<li>Je lis les<strong> 8 r\u00e8gles de participation<\/strong> ci-dessous:\n<ul>\n<li>Je suis n\u00e9 entre 2009 et 2017 et je suis scolaris\u00e9 entre 5<sup>\u00e8me<\/sup> et la 11<sup>\u00e8me<\/sup> Harmos\u00a0<\/li>\n<li>Je respecte le d\u00e9lai d\u2019inscription<\/li>\n<li>J&rsquo;ai ma propre assurance<\/li>\n<li>Je m&rsquo;engage \u00e0 participer aux activit\u00e9s attribu\u00e9es (en cas d\u2019emp\u00eachement, contacter la permanence t\u00e9l\u00e9phonique d\u00e8s la semaine avant le passeport au 076 8146128)<\/li>\n<li>Je m&rsquo;engage \u00e0 \u00eatre \u00e0 l\u2019heure aux rendez-vous, que je sois un enfant ou un adulte. Le groupe n\u2019attend pas (ni au d\u00e9part, ni au retour)<\/li>\n<li>Je consulte la liste des participants \u00e0 l\u2019activit\u00e9 afin de faciliter les d\u00e9placements<\/li>\n<li>Je prends un r\u00e9hausseur en cas de transport par un tiers (si je mesure moins de 150cm)<\/li>\n<\/ul>\n<\/li>\n<\/ol>\n<p style=\"text-align: left;\">Nous ne remboursons pas les passeports achet\u00e9s. L&rsquo;argent vers\u00e9 sera comptabilis\u00e9 comme un don.<\/p>\n<p><span style=\"color: #000000;\">Nous avons trouv\u00e9 tous les accompagnants.<\/span> Merci pour votre engagement.<\/p>\n\n\n<p><\/p>\n","protected":false},"excerpt":{"rendered":"<p>Comment faire pour participer au Passeport Vacances de Cossonay? Je lis les 8 r\u00e8gles de participation ci-dessous: Je suis n\u00e9 entre 2009 et 2017 et je suis scolaris\u00e9 entre 5\u00e8me et la 11\u00e8me Harmos\u00a0 Je respecte le d\u00e9lai d\u2019inscription J&rsquo;ai &hellip; <a href=\"https:\/\/pvcoss.ch\/index.php\/infos-participation\/\">Continuer la lecture <span class=\"meta-nav\">&rarr;<\/span><\/a><\/p>\n","protected":false},"author":4,"featured_media":0,"parent":0,"menu_order":0,"comment_status":"closed","ping_status":"closed","template":"","meta":{"footnotes":""},"class_list":["post-1633","page","type-page","status-publish","hentry"],"_links":{"self":[{"href":"https:\/\/pvcoss.ch\/index.php\/wp-json\/wp\/v2\/pages\/1633","targetHints":{"allow":["GET"]}}],"collection":[{"href":"https:\/\/pvcoss.ch\/index.php\/wp-json\/wp\/v2\/pages"}],"about":[{"href":"https:\/\/pvcoss.ch\/index.php\/wp-json\/wp\/v2\/types\/page"}],"author":[{"embeddable":true,"href":"https:\/\/pvcoss.ch\/index.php\/wp-json\/wp\/v2\/users\/4"}],"replies":[{"embeddable":true,"href":"https:\/\/pvcoss.ch\/index.php\/wp-json\/wp\/v2\/comments?post=1633"}],"version-history":[{"count":16,"href":"https:\/\/pvcoss.ch\/index.php\/wp-json\/wp\/v2\/pages\/1633\/revisions"}],"predecessor-version":[{"id":2118,"href":"https:\/\/pvcoss.ch\/index.php\/wp-json\/wp\/v2\/pages\/1633\/revisions\/2118"}],"wp:attachment":[{"href":"https:\/\/pvcoss.ch\/index.php\/wp-json\/wp\/v2\/media?parent=1633"}],"curies":[{"name":"wp","href":"https:\/\/api.w.org\/{rel}","templated":true}]}}

<p><strong>Comment faire pour participer au Passeport Vacances de Cossonay?</strong></p>


<ol>
<li>Je lis les<strong> 8 règles de participation</strong> ci-dessous:
<ul>
<li>Je suis né entre 2009 et 2017 et je suis scolarisé entre 5<sup>ème</sup> et la 11<sup>ème</sup> Harmos </li>
<li>Je respecte le délai d’inscription</li>
<li>J&rsquo;ai ma propre assurance</li>
<li>Je m&rsquo;engage à participer aux activités attribuées (en cas d’empêchement, contacter la permanence téléphonique dès la semaine avant le passeport au 076 8146128)</li>
<li>Je m&rsquo;engage à être à l’heure aux rendez-vous, que je sois un enfant ou un adulte. Le groupe n’attend pas (ni au départ, ni au retour)</li>
<li>Je consulte la liste des participants à l’activité afin de faciliter les déplacements</li>
<li>Je prends un réhausseur en cas de transport par un tiers (si je mesure moins de 150cm)</li>
</ul>
</li>
</ol>
<p style="text-align: left;">Nous ne remboursons pas les passeports achetés. L&rsquo;argent versé sera comptabilisé comme un don.</p>
<p><span style="color: #000000;">Nous avons trouvé tous les accompagnants.</span> Merci pour votre engagement.</p>


<p></p>

<p>Comment faire pour participer au Passeport Vacances de Cossonay? Je lis les 8 règles de participation ci-dessous: Je suis né entre 2009 et 2017 et je suis scolarisé entre 5ème et la 11ème Harmos  Je respecte le délai d’inscription J&rsquo;ai &hellip; <a href="https://pvcoss.ch/index.php/infos-participation/">Continuer la lecture <span class="meta-nav">&rarr;</span></a></p>
