{"id":158,"date":"2018-01-15T17:32:45","date_gmt":"2018-01-15T16:32:45","guid":{"rendered":"https:\/\/pvcoss.ch\/?page_id=158"},"modified":"2023-10-19T18:01:44","modified_gmt":"2023-10-19T16:01:44","slug":"organisateurs","status":"publish","type":"page","link":"https:\/\/pvcoss.ch\/index.php\/organisateurs\/","title":{"rendered":"Organisateurs"},"content":{"rendered":"\n<p class=\"has-text-align-left\"><strong>Vous \u00eates d\u00e9j\u00e0 organisateur d&rsquo;une activit\u00e9 ? :<\/strong><br>D\u00e9but octobre, nous vous enverrons un courrier avec la liste des enfants participant \u00e0 votre activit\u00e9. Vous recevrez \u00e9galement un code par email qui vous permettra d&rsquo;avoir acc\u00e8s aux informations \u00e0 jour sur le site: <a rel=\"noreferrer noopener\" href=\"https:\/\/farfadetdeuxzero.ch\/cossonay\/\" target=\"_blank\">Farfadet <\/a><\/p>\n\n\n\n<p><strong>Vous souhaitez proposer une activit\u00e9 aux enfants ? :<\/strong><br>Nous sommes toujours \u00e0 la recherche de nouvelles activit\u00e9s \u00e0 offrir aux enfants. Aussi n&rsquo;h\u00e9sitez pas \u00e0 faire partager votre savoir-faire et votre passion aupr\u00e8s des enfants si :<\/p>\n\n\n\n<ul class=\"wp-block-list\">\n<li>Vous exercez une profession rare, ancienne, originale<\/li>\n\n\n\n<li>Vous poss\u00e9dez une collection particuli\u00e8re<\/li>\n\n\n\n<li>Vous perp\u00e9tuez une tradition ancestrale<\/li>\n\n\n\n<li>Vous d\u00e9tenez un formidable savoir-faire dans le domaine du bricolage, de la cuisine<\/li>\n\n\n\n<li>Vous \u00eates passionn\u00e9(e) par le monde animal<\/li>\n\n\n\n<li>Vous pratiquez un sport m\u00e9connu<\/li>\n<\/ul>\n\n\n\n<p>Vous pouvez nous proposer une activit\u00e9 en envoyant un mail \u00e0 <a href=\"mailto:info@pvcoss.ch\">info@pvcoss.ch<\/a> et nous vous contacterons.<\/p>\n","protected":false},"excerpt":{"rendered":"<p>Vous \u00eates d\u00e9j\u00e0 organisateur d&rsquo;une activit\u00e9 ? :D\u00e9but octobre, nous vous enverrons un courrier avec la liste des enfants participant \u00e0 votre activit\u00e9. Vous recevrez \u00e9galement un code par email qui vous permettra d&rsquo;avoir acc\u00e8s aux informations \u00e0 jour sur &hellip; <a href=\"https:\/\/pvcoss.ch\/index.php\/organisateurs\/\">Continuer la lecture <span class=\"meta-nav\">&rarr;<\/span><\/a><\/p>\n","protected":false},"author":2,"featured_media":0,"parent":0,"menu_order":0,"comment_status":"closed","ping_status":"closed","template":"","meta":{"footnotes":""},"class_list":["post-158","page","type-page","status-publish","hentry"],"_links":{"self":[{"href":"https:\/\/pvcoss.ch\/index.php\/wp-json\/wp\/v2\/pages\/158","targetHints":{"allow":["GET"]}}],"collection":[{"href":"https:\/\/pvcoss.ch\/index.php\/wp-json\/wp\/v2\/pages"}],"about":[{"href":"https:\/\/pvcoss.ch\/index.php\/wp-json\/wp\/v2\/types\/page"}],"author":[{"embeddable":true,"href":"https:\/\/pvcoss.ch\/index.php\/wp-json\/wp\/v2\/users\/2"}],"replies":[{"embeddable":true,"href":"https:\/\/pvcoss.ch\/index.php\/wp-json\/wp\/v2\/comments?post=158"}],"version-history":[{"count":22,"href":"https:\/\/pvcoss.ch\/index.php\/wp-json\/wp\/v2\/pages\/158\/revisions"}],"predecessor-version":[{"id":1726,"href":"https:\/\/pvcoss.ch\/index.php\/wp-json\/wp\/v2\/pages\/158\/revisions\/1726"}],"wp:attachment":[{"href":"https:\/\/pvcoss.ch\/index.php\/wp-json\/wp\/v2\/media?parent=158"}],"curies":[{"name":"wp","href":"https:\/\/api.w.org\/{rel}","templated":true}]}}