{"id":1003,"date":"2021-05-16T17:25:05","date_gmt":"2021-05-16T15:25:05","guid":{"rendered":"https:\/\/pvcoss.ch\/?page_id=1003"},"modified":"2025-10-03T06:45:53","modified_gmt":"2025-10-03T04:45:53","slug":"f-a-q","status":"publish","type":"page","link":"https:\/\/pvcoss.ch\/index.php\/f-a-q\/","title":{"rendered":"FAQ"},"content":{"rendered":"\n<p><strong><span style=\"color:#ee7700\" class=\"has-inline-color\">ACHAT :<\/span><\/strong><\/p>\n\n\n\n<div class=\"wp-block-pb-accordion-item c-accordion__item js-accordion-item no-js\" data-initially-open=\"false\" data-click-to-close=\"true\" data-auto-close=\"true\" data-scroll=\"false\" data-scroll-offset=\"0\"><h2 id=\"at-10030\" class=\"c-accordion__title js-accordion-controller\" role=\"button\">Co\u00fbt du Passeport Vacances<\/h2><div id=\"ac-10030\" class=\"c-accordion__content\">\n<p>Le Passeport Vacances co\u00fbte 25CHF pour la semaine quelque soit le nombre d&rsquo;activit\u00e9s de votre enfant.  Le 3\u00e8me enfant de la m\u00eame famille est gratuit. <\/p>\n<\/div><\/div>\n\n\n\n<div class=\"wp-block-pb-accordion-item c-accordion__item js-accordion-item no-js\" data-initially-open=\"false\" data-click-to-close=\"true\" data-auto-close=\"true\" data-scroll=\"false\" data-scroll-offset=\"0\"><h2 id=\"at-10031\" class=\"c-accordion__title js-accordion-controller\" role=\"button\">Comment r\u00e9server un Passeport Vacances?<br><\/h2><div id=\"ac-10031\" class=\"c-accordion__content\">\n<p>La r\u00e9servation des Passeports est termin\u00e9e pour 2025.<\/p>\n<\/div><\/div>\n\n\n\n<div class=\"wp-block-pb-accordion-item c-accordion__item js-accordion-item no-js\" data-initially-open=\"false\" data-click-to-close=\"true\" data-auto-close=\"true\" data-scroll=\"false\" data-scroll-offset=\"0\"><h2 id=\"at-10032\" class=\"c-accordion__title js-accordion-controller\" role=\"button\">Le passeport de mon enfant appara\u00eet deux fois dans le document de r\u00e9servation. Que faire?<\/h2><div id=\"ac-10032\" class=\"c-accordion__content\">\n<p>Il peut y avoir une erreur dans le document de r\u00e9servation que vous recevez par e-mail apr\u00e8s votre inscription. Cela n&rsquo;a pas d&rsquo;impact pour la suite et vous devez payer uniquement 25CHF par passeport achet\u00e9 m\u00eame s&rsquo;il appara\u00eet deux fois. Nous mettons tout en \u0153uvre pour corriger ce probl\u00e8me.<\/p>\n<\/div><\/div>\n\n\n\n<h2 class=\"wp-block-heading\"><mark style=\"background-color:rgba(0, 0, 0, 0);color:#ee7700\" class=\"has-inline-color\">INSCRIPTION :<\/mark><\/h2>\n\n\n\n<div class=\"wp-block-pb-accordion-item c-accordion__item js-accordion-item no-js\" data-initially-open=\"false\" data-click-to-close=\"true\" data-auto-close=\"true\" data-scroll=\"false\" data-scroll-offset=\"0\"><h2 id=\"at-10033\" class=\"c-accordion__title js-accordion-controller\" role=\"button\">Comment m&rsquo;inscrire aux activit\u00e9s?<\/h2><div id=\"ac-10033\" class=\"c-accordion__content\">\n<p>L&rsquo;inscription aux activit\u00e9s est termin\u00e9e. Vous pouvez voir les activit\u00e9s attribu\u00e9es en suivant le lien: <a href=\"https:\/\/farfadetdeuxzero.ch\/cossonay\" target=\"_blank\" rel=\"noreferrer noopener\"><strong>Acc\u00e8s enfants<\/strong><\/a><\/p>\n<\/div><\/div>\n\n\n\n<div class=\"wp-block-pb-accordion-item c-accordion__item js-accordion-item no-js\" data-initially-open=\"false\" data-click-to-close=\"true\" data-auto-close=\"true\" data-scroll=\"false\" data-scroll-offset=\"0\"><h2 id=\"at-10034\" class=\"c-accordion__title js-accordion-controller\" role=\"button\">L&rsquo;activit\u00e9 vue sur le flyer n&rsquo;appara\u00eet pas. Que se passe-t-il?<\/h2><div id=\"ac-10034\" class=\"c-accordion__content\">\n<p>Si une activit\u00e9 du flyer n&rsquo;appara\u00eet pas au moment des choix, c&rsquo;est que votre enfant n&rsquo;a pas l&rsquo;\u00e2ge de s&rsquo;y inscrire. Les \u00e2ges sont fix\u00e9s par les organisateurs.<br>Il se peut aussi que l&rsquo;activit\u00e9 soit entre temps malheureusement annul\u00e9e par l&rsquo;organisateur.<\/p>\n<\/div><\/div>\n\n\n\n<div class=\"wp-block-pb-accordion-item c-accordion__item js-accordion-item no-js\" data-initially-open=\"false\" data-click-to-close=\"true\" data-auto-close=\"true\" data-scroll=\"false\" data-scroll-offset=\"0\"><h2 id=\"at-10035\" class=\"c-accordion__title js-accordion-controller\" role=\"button\">R\u00e9partition des activit\u00e9s sur la semaine.<\/h2><div id=\"ac-10035\" class=\"c-accordion__content\">\n<p>En fonction des choix de l&rsquo;enfant et des places disponibles, il est possible d&rsquo;avoir 2 activit\u00e9s le m\u00eame jour. Le syst\u00e8me n&rsquo;attribuera pas d&rsquo;activit\u00e9s les jours non choisis.<\/p>\n<\/div><\/div>\n\n\n\n<div class=\"wp-block-pb-accordion-item c-accordion__item js-accordion-item no-js\" data-initially-open=\"false\" data-click-to-close=\"true\" data-auto-close=\"true\" data-scroll=\"false\" data-scroll-offset=\"0\"><h2 id=\"at-10036\" class=\"c-accordion__title js-accordion-controller\" role=\"button\"><strong>J\u2019ai valid\u00e9 trop t\u00f4t !<\/strong><\/h2><div id=\"ac-10036\" class=\"c-accordion__content\">\n<p>Envoyez un mail \u00e0&nbsp;<a href=\"mailto:info@pvcoss.ch\">info@pvcoss.ch<\/a>&nbsp;pour demander un d\u00e9blocage. Pr\u00e9cisez le num\u00e9ro de Passeport, le nom et pr\u00e9nom de l&rsquo;enfant.<\/p>\n<\/div><\/div>\n\n\n\n<div class=\"wp-block-pb-accordion-item c-accordion__item js-accordion-item no-js\" data-initially-open=\"false\" data-click-to-close=\"true\" data-auto-close=\"true\" data-scroll=\"false\" data-scroll-offset=\"0\"><h2 id=\"at-10037\" class=\"c-accordion__title js-accordion-controller\" role=\"button\"><strong>Comment modifier la date de naissance ?<\/strong><\/h2><div id=\"ac-10037\" class=\"c-accordion__content\">\n<p>Par mesure de s\u00e9curit\u00e9, la date de naissance fait partie des \u00e9l\u00e9ments que vous ne pouvez plus modifier une fois la saisie termin\u00e9e.<br>Si n\u00e9cessaire, envoyez la date de naissance compl\u00e8te avec le num\u00e9ro de Passeport Vacances, le nom et le pr\u00e9nom de l&rsquo;enfant \u00e0&nbsp;<a href=\"mailto:info@pvcoss.ch\">info@pvcoss.ch<\/a><\/p>\n<\/div><\/div>\n\n\n\n<div class=\"wp-block-pb-accordion-item c-accordion__item js-accordion-item no-js\" data-initially-open=\"false\" data-click-to-close=\"true\" data-auto-close=\"true\" data-scroll=\"false\" data-scroll-offset=\"0\"><h2 id=\"at-10038\" class=\"c-accordion__title js-accordion-controller\" role=\"button\"><strong>Le syst\u00e8me m\u2019indique que je suis d\u00e9j\u00e0 connect\u00e9 (e). Que faire ?<\/strong><\/h2><div id=\"ac-10038\" class=\"c-accordion__content\">\n<p>Fermer le navigateur et le relancer. Vous pouvez \u00e9galement essayer d\u2019effacer l&rsquo;historique de navigation.<\/p>\n<\/div><\/div>\n\n\n\n<div class=\"wp-block-pb-accordion-item c-accordion__item js-accordion-item no-js\" data-initially-open=\"false\" data-click-to-close=\"true\" data-auto-close=\"true\" data-scroll=\"false\" data-scroll-offset=\"0\"><h2 id=\"at-10039\" class=\"c-accordion__title js-accordion-controller\" role=\"button\"><strong>Je n\u2019ai pas pu terminer la saisie des activit\u00e9s. Le syst\u00e8me ne me laisse plus rien faire. Comment d\u00e9bloquer la situation ?<\/strong><\/h2><div id=\"ac-10039\" class=\"c-accordion__content\">\n<p>Vous avez probablement valid\u00e9 l\u2019inscription avant d\u2019avoir termin\u00e9. Une fois l\u2019inscription valid\u00e9e, les modifications ne sont plus possibles.<br>Si n\u00e9cessaire, envoyez un email avec le num\u00e9ro de Passeport Vacances, le nom et le pr\u00e9nom de l&rsquo;enfant \u00e0&nbsp;<a href=\"mailto:info@pvcoss.ch\">info@pvcoss.ch<\/a><\/p>\n<\/div><\/div>\n\n\n\n<h2 class=\"wp-block-heading\"><mark style=\"background-color:rgba(0, 0, 0, 0);color:#ee7700\" class=\"has-inline-color\">SEMAINE DU PASSEPORT : <\/mark><\/h2>\n\n\n\n<div class=\"wp-block-pb-accordion-item c-accordion__item js-accordion-item no-js\" data-initially-open=\"false\" data-click-to-close=\"true\" data-auto-close=\"true\" data-scroll=\"false\" data-scroll-offset=\"0\"><h2 id=\"at-100310\" class=\"c-accordion__title js-accordion-controller\" role=\"button\">Acc\u00e8s \u00e0 la liste des enfants participant \u00e0 une activit\u00e9 avec votre enfant. <\/h2><div id=\"ac-100310\" class=\"c-accordion__content\">\n<p>Pour voir cette liste, vous devez aller sur le site <a href=\"https:\/\/farfadetdeuxzero.ch\/cossonay\/\" target=\"_blank\" rel=\"noreferrer noopener\">Farfadet<\/a> et vous connecter avec le num\u00e9ro de Passeport de votre enfant et son mot de passe. La liste des participants est accessible en cliquant sur le \u00ab\u00a0i\u00a0\u00bb bleu \u00e0 droite des activit\u00e9s. Si vous ne d\u00e9sirez pas appara\u00eetre sur cette liste, merci d&rsquo;\u00e9crire un e-mail \u00e0 <a href=\"mailto:info@pvcoss.ch\">info@pvcoss.ch<\/a>.<\/p>\n<\/div><\/div>\n\n\n\n<div class=\"wp-block-pb-accordion-item c-accordion__item js-accordion-item no-js\" data-initially-open=\"false\" data-click-to-close=\"true\" data-auto-close=\"true\" data-scroll=\"false\" data-scroll-offset=\"0\"><h2 id=\"at-100311\" class=\"c-accordion__title js-accordion-controller\" role=\"button\">Comment contacter la permanence?<\/h2><div id=\"ac-100311\" class=\"c-accordion__content\">\n<p>En appelant le <strong>076 814 61 28<\/strong>.<br>La permanence t\u00e9l\u00e9phonique sera ouverte du 6 au 10 octobre de 14h00 \u00e0 17h00 (veuillez privil\u00e9gier l\u2019e-mail durant cette semaine-l\u00e0), le 11 octobre et du 13 au 17 octobre de 7h30 \u00e0 18h00.<\/p>\n<\/div><\/div>\n\n\n\n<div class=\"wp-block-pb-accordion-item c-accordion__item js-accordion-item no-js\" data-initially-open=\"false\" data-click-to-close=\"true\" data-auto-close=\"true\" data-scroll=\"false\" data-scroll-offset=\"0\"><h2 id=\"at-100312\" class=\"c-accordion__title js-accordion-controller\" role=\"button\"><strong>Je n&rsquo;ai pas re\u00e7u beaucoup d&rsquo;activit\u00e9s !<\/strong><\/h2><div id=\"ac-100312\" class=\"c-accordion__content\">\n<p>Il est sp\u00e9cifi\u00e9 lors de l&rsquo;inscription que l&rsquo;enfant doit faire le maximum de choix diff\u00e9rents par jour (maximum 3 choix) afin que notre logiciel puisse lui attribuer une activit\u00e9. S&rsquo;il n&rsquo;a fait qu&rsquo;un seul choix, il n&rsquo;a que tr\u00e8s peu de chance de recevoir une activit\u00e9 car les places ne sont pas extensibles. \u00c9tant une petite \u00e9quipe de b\u00e9n\u00e9voles qui g\u00e9rons le Passeport Vacances sur notre temps libre, nous ne r\u00e9pondrons plus dor\u00e9navant aux demandes des parents souhaitant rajouter des activit\u00e9s \u00e0 leurs enfants.<br>Nous souhaitons \u00e0 vos enfants un beau Passeport Vacances et vous remercions de votre compr\u00e9hension.<\/p>\n<\/div><\/div>\n\n\n\n<div class=\"wp-block-pb-accordion-item c-accordion__item js-accordion-item no-js\" data-initially-open=\"false\" data-click-to-close=\"true\" data-auto-close=\"true\" data-scroll=\"false\" data-scroll-offset=\"0\"><h2 id=\"at-100313\" class=\"c-accordion__title js-accordion-controller\" role=\"button\">Comment me rendre au lieu d&rsquo;activit\u00e9 ?<\/h2><div id=\"ac-100313\" class=\"c-accordion__content\">\n<p>Vous trouverez le plan d&rsquo;acc\u00e8s pour la majorit\u00e9 des activit\u00e9s en consultant les activit\u00e9s attribu\u00e9es \u00e0 l&rsquo;enfant. Il faut cliquer sur un titre d&rsquo;activit\u00e9 et vous aurez le descriptif ainsi que le plan \u00e9ventuel (ic\u00f4ne plan).<br>Vous pouvez consulter la liste des enfants participant \u00e0 l&rsquo;activit\u00e9 et vous organiser pour le trajet.<br>Le lieu de rendez-vous concerne aussi bien le d\u00e9part que l&rsquo;arriv\u00e9e.<\/p>\n<\/div><\/div>\n\n\n\n<div class=\"wp-block-pb-accordion-item c-accordion__item js-accordion-item no-js\" data-initially-open=\"false\" data-click-to-close=\"true\" data-auto-close=\"true\" data-scroll=\"false\" data-scroll-offset=\"0\"><h2 id=\"at-100314\" class=\"c-accordion__title js-accordion-controller\" role=\"button\"><strong>Je me suis inscrit(e) comme accompagnant et je n&rsquo;ai pas re\u00e7u de courri<\/strong>er.<\/h2><div id=\"ac-100314\" class=\"c-accordion__content\">\n<p>Cela signifie que nous n\u2019avons pas eu besoin de votre aide cette ann\u00e9e. N\u2019h\u00e9sitez pas \u00e0 vous r\u00e9-inscrire l\u2019an prochain, et qui sait\u2026peut-\u00eatre pourrez-vous, comme votre enfant, faire de belles d\u00e9couvertes. A tous un <strong>grand merci<\/strong> pour votre inscription en tant qu\u2019accompagnant.<\/p>\n<\/div><\/div>\n\n\n\n<div class=\"wp-block-pb-accordion-item c-accordion__item js-accordion-item no-js\" data-initially-open=\"false\" data-click-to-close=\"true\" data-auto-close=\"true\" data-scroll=\"false\" data-scroll-offset=\"0\"><h2 id=\"at-100315\" class=\"c-accordion__title js-accordion-controller\" role=\"button\"><strong>J&rsquo;ai perdu un objet lors du Passeport Vacances<\/strong><\/h2><div id=\"ac-100315\" class=\"c-accordion__content\">\n<p>\u00c9crire \u00e0 <a href=\"mailto:info@pvcoss.ch\">info@pvcoss.ch<\/a><\/p>\n<\/div><\/div>\n\n\n\n<p><\/p>\n","protected":false},"excerpt":{"rendered":"<p>ACHAT : INSCRIPTION : SEMAINE DU PASSEPORT :<\/p>\n","protected":false},"author":2,"featured_media":0,"parent":0,"menu_order":0,"comment_status":"closed","ping_status":"closed","template":"","meta":{"footnotes":""},"class_list":["post-1003","page","type-page","status-publish","hentry"],"_links":{"self":[{"href":"https:\/\/pvcoss.ch\/index.php\/wp-json\/wp\/v2\/pages\/1003","targetHints":{"allow":["GET"]}}],"collection":[{"href":"https:\/\/pvcoss.ch\/index.php\/wp-json\/wp\/v2\/pages"}],"about":[{"href":"https:\/\/pvcoss.ch\/index.php\/wp-json\/wp\/v2\/types\/page"}],"author":[{"embeddable":true,"href":"https:\/\/pvcoss.ch\/index.php\/wp-json\/wp\/v2\/users\/2"}],"replies":[{"embeddable":true,"href":"https:\/\/pvcoss.ch\/index.php\/wp-json\/wp\/v2\/comments?post=1003"}],"version-history":[{"count":84,"href":"https:\/\/pvcoss.ch\/index.php\/wp-json\/wp\/v2\/pages\/1003\/revisions"}],"predecessor-version":[{"id":2112,"href":"https:\/\/pvcoss.ch\/index.php\/wp-json\/wp\/v2\/pages\/1003\/revisions\/2112"}],"wp:attachment":[{"href":"https:\/\/pvcoss.ch\/index.php\/wp-json\/wp\/v2\/media?parent=1003"}],"curies":[{"name":"wp","href":"https:\/\/api.w.org\/{rel}","templated":true}]}}

<p><strong><span style="color:#ee7700" class="has-inline-color">ACHAT :</span></strong></p>



<div class="wp-block-pb-accordion-item c-accordion__item js-accordion-item no-js" data-initially-open="false" data-click-to-close="true" data-auto-close="true" data-scroll="false" data-scroll-offset="0"><h2 id="at-10030" class="c-accordion__title js-accordion-controller" role="button">Coût du Passeport Vacances</h2><div id="ac-10030" class="c-accordion__content">
<p>Le Passeport Vacances coûte 25CHF pour la semaine quelque soit le nombre d&rsquo;activités de votre enfant.  Le 3ème enfant de la même famille est gratuit. </p>
</div></div>



<div class="wp-block-pb-accordion-item c-accordion__item js-accordion-item no-js" data-initially-open="false" data-click-to-close="true" data-auto-close="true" data-scroll="false" data-scroll-offset="0"><h2 id="at-10031" class="c-accordion__title js-accordion-controller" role="button">Comment réserver un Passeport Vacances?<br></h2><div id="ac-10031" class="c-accordion__content">
<p>La réservation des Passeports est terminée pour 2025.</p>
</div></div>



<div class="wp-block-pb-accordion-item c-accordion__item js-accordion-item no-js" data-initially-open="false" data-click-to-close="true" data-auto-close="true" data-scroll="false" data-scroll-offset="0"><h2 id="at-10032" class="c-accordion__title js-accordion-controller" role="button">Le passeport de mon enfant apparaît deux fois dans le document de réservation. Que faire?</h2><div id="ac-10032" class="c-accordion__content">
<p>Il peut y avoir une erreur dans le document de réservation que vous recevez par e-mail après votre inscription. Cela n&rsquo;a pas d&rsquo;impact pour la suite et vous devez payer uniquement 25CHF par passeport acheté même s&rsquo;il apparaît deux fois. Nous mettons tout en œuvre pour corriger ce problème.</p>
</div></div>



<h2 class="wp-block-heading"><mark style="background-color:rgba(0, 0, 0, 0);color:#ee7700" class="has-inline-color">INSCRIPTION :</mark></h2>



<div class="wp-block-pb-accordion-item c-accordion__item js-accordion-item no-js" data-initially-open="false" data-click-to-close="true" data-auto-close="true" data-scroll="false" data-scroll-offset="0"><h2 id="at-10033" class="c-accordion__title js-accordion-controller" role="button">Comment m&rsquo;inscrire aux activités?</h2><div id="ac-10033" class="c-accordion__content">
<p>L&rsquo;inscription aux activités est terminée. Vous pouvez voir les activités attribuées en suivant le lien: <a href="https://farfadetdeuxzero.ch/cossonay" target="_blank" rel="noreferrer noopener"><strong>Accès enfants</strong></a></p>
</div></div>



<div class="wp-block-pb-accordion-item c-accordion__item js-accordion-item no-js" data-initially-open="false" data-click-to-close="true" data-auto-close="true" data-scroll="false" data-scroll-offset="0"><h2 id="at-10034" class="c-accordion__title js-accordion-controller" role="button">L&rsquo;activité vue sur le flyer n&rsquo;apparaît pas. Que se passe-t-il?</h2><div id="ac-10034" class="c-accordion__content">
<p>Si une activité du flyer n&rsquo;apparaît pas au moment des choix, c&rsquo;est que votre enfant n&rsquo;a pas l&rsquo;âge de s&rsquo;y inscrire. Les âges sont fixés par les organisateurs.<br>Il se peut aussi que l&rsquo;activité soit entre temps malheureusement annulée par l&rsquo;organisateur.</p>
</div></div>



<div class="wp-block-pb-accordion-item c-accordion__item js-accordion-item no-js" data-initially-open="false" data-click-to-close="true" data-auto-close="true" data-scroll="false" data-scroll-offset="0"><h2 id="at-10035" class="c-accordion__title js-accordion-controller" role="button">Répartition des activités sur la semaine.</h2><div id="ac-10035" class="c-accordion__content">
<p>En fonction des choix de l&rsquo;enfant et des places disponibles, il est possible d&rsquo;avoir 2 activités le même jour. Le système n&rsquo;attribuera pas d&rsquo;activités les jours non choisis.</p>
</div></div>



<div class="wp-block-pb-accordion-item c-accordion__item js-accordion-item no-js" data-initially-open="false" data-click-to-close="true" data-auto-close="true" data-scroll="false" data-scroll-offset="0"><h2 id="at-10036" class="c-accordion__title js-accordion-controller" role="button"><strong>J’ai validé trop tôt !</strong></h2><div id="ac-10036" class="c-accordion__content">
<p>Envoyez un mail à&nbsp;<a href="mailto:info@pvcoss.ch">info@pvcoss.ch</a>&nbsp;pour demander un déblocage. Précisez le numéro de Passeport, le nom et prénom de l&rsquo;enfant.</p>
</div></div>



<div class="wp-block-pb-accordion-item c-accordion__item js-accordion-item no-js" data-initially-open="false" data-click-to-close="true" data-auto-close="true" data-scroll="false" data-scroll-offset="0"><h2 id="at-10037" class="c-accordion__title js-accordion-controller" role="button"><strong>Comment modifier la date de naissance ?</strong></h2><div id="ac-10037" class="c-accordion__content">
<p>Par mesure de sécurité, la date de naissance fait partie des éléments que vous ne pouvez plus modifier une fois la saisie terminée.<br>Si nécessaire, envoyez la date de naissance complète avec le numéro de Passeport Vacances, le nom et le prénom de l&rsquo;enfant à&nbsp;<a href="mailto:info@pvcoss.ch">info@pvcoss.ch</a></p>
</div></div>



<div class="wp-block-pb-accordion-item c-accordion__item js-accordion-item no-js" data-initially-open="false" data-click-to-close="true" data-auto-close="true" data-scroll="false" data-scroll-offset="0"><h2 id="at-10038" class="c-accordion__title js-accordion-controller" role="button"><strong>Le système m’indique que je suis déjà connecté (e). Que faire ?</strong></h2><div id="ac-10038" class="c-accordion__content">
<p>Fermer le navigateur et le relancer. Vous pouvez également essayer d’effacer l&rsquo;historique de navigation.</p>
</div></div>



<div class="wp-block-pb-accordion-item c-accordion__item js-accordion-item no-js" data-initially-open="false" data-click-to-close="true" data-auto-close="true" data-scroll="false" data-scroll-offset="0"><h2 id="at-10039" class="c-accordion__title js-accordion-controller" role="button"><strong>Je n’ai pas pu terminer la saisie des activités. Le système ne me laisse plus rien faire. Comment débloquer la situation ?</strong></h2><div id="ac-10039" class="c-accordion__content">
<p>Vous avez probablement validé l’inscription avant d’avoir terminé. Une fois l’inscription validée, les modifications ne sont plus possibles.<br>Si nécessaire, envoyez un email avec le numéro de Passeport Vacances, le nom et le prénom de l&rsquo;enfant à&nbsp;<a href="mailto:info@pvcoss.ch">info@pvcoss.ch</a></p>
</div></div>



<h2 class="wp-block-heading"><mark style="background-color:rgba(0, 0, 0, 0);color:#ee7700" class="has-inline-color">SEMAINE DU PASSEPORT : </mark></h2>



<div class="wp-block-pb-accordion-item c-accordion__item js-accordion-item no-js" data-initially-open="false" data-click-to-close="true" data-auto-close="true" data-scroll="false" data-scroll-offset="0"><h2 id="at-100310" class="c-accordion__title js-accordion-controller" role="button">Accès à la liste des enfants participant à une activité avec votre enfant. </h2><div id="ac-100310" class="c-accordion__content">
<p>Pour voir cette liste, vous devez aller sur le site <a href="https://farfadetdeuxzero.ch/cossonay/" target="_blank" rel="noreferrer noopener">Farfadet</a> et vous connecter avec le numéro de Passeport de votre enfant et son mot de passe. La liste des participants est accessible en cliquant sur le « i » bleu à droite des activités. Si vous ne désirez pas apparaître sur cette liste, merci d&rsquo;écrire un e-mail à <a href="mailto:info@pvcoss.ch">info@pvcoss.ch</a>.</p>
</div></div>



<div class="wp-block-pb-accordion-item c-accordion__item js-accordion-item no-js" data-initially-open="false" data-click-to-close="true" data-auto-close="true" data-scroll="false" data-scroll-offset="0"><h2 id="at-100311" class="c-accordion__title js-accordion-controller" role="button">Comment contacter la permanence?</h2><div id="ac-100311" class="c-accordion__content">
<p>En appelant le <strong>076 814 61 28</strong>.<br>La permanence téléphonique sera ouverte du 6 au 10 octobre de 14h00 à 17h00 (veuillez privilégier l’e-mail durant cette semaine-là), le 11 octobre et du 13 au 17 octobre de 7h30 à 18h00.</p>
</div></div>



<div class="wp-block-pb-accordion-item c-accordion__item js-accordion-item no-js" data-initially-open="false" data-click-to-close="true" data-auto-close="true" data-scroll="false" data-scroll-offset="0"><h2 id="at-100312" class="c-accordion__title js-accordion-controller" role="button"><strong>Je n&rsquo;ai pas reçu beaucoup d&rsquo;activités !</strong></h2><div id="ac-100312" class="c-accordion__content">
<p>Il est spécifié lors de l&rsquo;inscription que l&rsquo;enfant doit faire le maximum de choix différents par jour (maximum 3 choix) afin que notre logiciel puisse lui attribuer une activité. S&rsquo;il n&rsquo;a fait qu&rsquo;un seul choix, il n&rsquo;a que très peu de chance de recevoir une activité car les places ne sont pas extensibles. Étant une petite équipe de bénévoles qui gérons le Passeport Vacances sur notre temps libre, nous ne répondrons plus dorénavant aux demandes des parents souhaitant rajouter des activités à leurs enfants.<br>Nous souhaitons à vos enfants un beau Passeport Vacances et vous remercions de votre compréhension.</p>
</div></div>



<div class="wp-block-pb-accordion-item c-accordion__item js-accordion-item no-js" data-initially-open="false" data-click-to-close="true" data-auto-close="true" data-scroll="false" data-scroll-offset="0"><h2 id="at-100313" class="c-accordion__title js-accordion-controller" role="button">Comment me rendre au lieu d&rsquo;activité ?</h2><div id="ac-100313" class="c-accordion__content">
<p>Vous trouverez le plan d&rsquo;accès pour la majorité des activités en consultant les activités attribuées à l&rsquo;enfant. Il faut cliquer sur un titre d&rsquo;activité et vous aurez le descriptif ainsi que le plan éventuel (icône plan).<br>Vous pouvez consulter la liste des enfants participant à l&rsquo;activité et vous organiser pour le trajet.<br>Le lieu de rendez-vous concerne aussi bien le départ que l&rsquo;arrivée.</p>
</div></div>



<div class="wp-block-pb-accordion-item c-accordion__item js-accordion-item no-js" data-initially-open="false" data-click-to-close="true" data-auto-close="true" data-scroll="false" data-scroll-offset="0"><h2 id="at-100314" class="c-accordion__title js-accordion-controller" role="button"><strong>Je me suis inscrit(e) comme accompagnant et je n&rsquo;ai pas reçu de courri</strong>er.</h2><div id="ac-100314" class="c-accordion__content">
<p>Cela signifie que nous n’avons pas eu besoin de votre aide cette année. N’hésitez pas à vous ré-inscrire l’an prochain, et qui sait…peut-être pourrez-vous, comme votre enfant, faire de belles découvertes. A tous un <strong>grand merci</strong> pour votre inscription en tant qu’accompagnant.</p>
</div></div>



<div class="wp-block-pb-accordion-item c-accordion__item js-accordion-item no-js" data-initially-open="false" data-click-to-close="true" data-auto-close="true" data-scroll="false" data-scroll-offset="0"><h2 id="at-100315" class="c-accordion__title js-accordion-controller" role="button"><strong>J&rsquo;ai perdu un objet lors du Passeport Vacances</strong></h2><div id="ac-100315" class="c-accordion__content">
<p>Écrire à <a href="mailto:info@pvcoss.ch">info@pvcoss.ch</a></p>
</div></div>



<p></p>
